{"id":178,"date":"2024-11-08T10:29:01","date_gmt":"2024-11-08T09:29:01","guid":{"rendered":"https:\/\/komoaah.cluster027.hosting.ovh.net\/?page_id=178"},"modified":"2024-11-18T07:23:39","modified_gmt":"2024-11-18T06:23:39","slug":"a-propos","status":"publish","type":"page","link":"https:\/\/komoa.art\/index.php\/a-propos\/","title":{"rendered":"A propos"},"content":{"rendered":"\n<p class=\"wp-block-paragraph\">\u00ab\u00a0\u00c9lever l&rsquo;art du shibari au-del\u00e0 des cordes, pour capturer l&rsquo;\u00e2me et les \u00e9motions.\u00a0\u00bb<\/p>\n\n\n\n<p class=\"wp-block-paragraph\">Je m\u2019appelle Komoa, et depuis plus d&rsquo;une d\u00e9cennie, je pratique le shibari, cette pratique qui allie technique et connexion humaine profonde. Mon parcours a commenc\u00e9 en 2012, au d\u00e9tour d&rsquo;une exploration personnelle, avant de devenir une passion structur\u00e9e et engag\u00e9e. J\u2019ai eu le privil\u00e8ge de m\u2019immerger dans des formations et workshops aupr\u00e8s de riggers renomm\u00e9s, de d\u00e9velopper ma technique et de me nourrir de l&rsquo;essence m\u00eame du shibari : un art de l\u2019\u00e9change et de la confiance.<\/p>\n\n\n\n<p class=\"wp-block-paragraph\">Pour moi, le shibari est bien plus qu&rsquo;un ensemble de n\u0153uds et de techniques. Chaque session est un dialogue silencieux o\u00f9 les cordes racontent l\u2019histoire d\u2019une rencontre. Mon approche est fond\u00e9e sur la connaissance de mon partenaire et sur un respect mutuel. J&rsquo;encorde non seulement le corps, mais cherche \u00e0 toucher l&rsquo;\u00e2me, \u00e0 susciter un voyage int\u00e9rieur et \u00e0 explorer les sensations, qu&rsquo;elles soient douces, \u00e9rotiques ou douloureuses.<\/p>\n\n\n\n<p class=\"wp-block-paragraph\"><strong>Exp\u00e9rience et philosophie<\/strong>&nbsp;<\/p>\n\n\n\n<p class=\"wp-block-paragraph\">Mon style de shibari est vari\u00e9 et adaptatif : il peut \u00eatre sensuel, \u00e9rotique, ou m\u00eame douloureux, selon les envies et les limites de mes partenaires. Inspir\u00e9 par le ma\u00eetre Yukimura, je pratique plus naturellement un style appel\u00e9 <strong>aibunawa<\/strong>, o\u00f9 la connexion est primordiale et o\u00f9 chaque session est un espace de libert\u00e9 et de partage. Au fil des ann\u00e9es, j\u2019ai int\u00e9gr\u00e9 des pratiques compl\u00e9mentaires comme le <strong>wax play<\/strong> ou <strong>l&rsquo;impact<\/strong>, toujours avec l\u2019intention d\u2019enrichir l\u2019exp\u00e9rience de mon\/ma partenaire de corde.<\/p>\n\n\n\n<p class=\"wp-block-paragraph\"><strong>Formations et workshops<\/strong><\/p>\n\n\n\n<p class=\"wp-block-paragraph\">Depuis 2021, je participe \u00e0 des workshops avec des experts reconnus, approfondissant mes comp\u00e9tences en techniques avanc\u00e9es et explorant des styles vari\u00e9s. De la technique du <strong>takate gote<\/strong> \u00e0 l\u2019utilisation du <strong>hashira<\/strong>, chaque apprentissage nourrit ma pratique et enrichit mon univers. Chaque partenaire, chaque session, chaque workshop est une nouvelle occasion d\u2019affiner mon art et de renforcer ma connexion avec ceux et celles qui choisissent de partager ce voyage avec moi.<\/p>\n","protected":false},"excerpt":{"rendered":"<p>\u00ab\u00a0\u00c9lever l&rsquo;art du shibari au-del\u00e0 des cordes, pour capturer l&rsquo;\u00e2me et les \u00e9motions.\u00a0\u00bb Je m\u2019appelle Komoa, et depuis plus d&rsquo;une d\u00e9cennie, je pratique le shibari, cette pratique qui allie technique et connexion humaine profonde. Mon parcours a commenc\u00e9 en 2012, au d\u00e9tour d&rsquo;une exploration personnelle, avant de devenir une passion [&hellip;]<\/p>\n","protected":false},"author":1,"featured_media":0,"parent":0,"menu_order":0,"comment_status":"closed","ping_status":"closed","template":"","meta":{"_crdt_document":"","footnotes":""},"class_list":["post-178","page","type-page","status-publish","hentry"],"_links":{"self":[{"href":"https:\/\/komoa.art\/index.php\/wp-json\/wp\/v2\/pages\/178","targetHints":{"allow":["GET"]}}],"collection":[{"href":"https:\/\/komoa.art\/index.php\/wp-json\/wp\/v2\/pages"}],"about":[{"href":"https:\/\/komoa.art\/index.php\/wp-json\/wp\/v2\/types\/page"}],"author":[{"embeddable":true,"href":"https:\/\/komoa.art\/index.php\/wp-json\/wp\/v2\/users\/1"}],"replies":[{"embeddable":true,"href":"https:\/\/komoa.art\/index.php\/wp-json\/wp\/v2\/comments?post=178"}],"version-history":[{"count":5,"href":"https:\/\/komoa.art\/index.php\/wp-json\/wp\/v2\/pages\/178\/revisions"}],"predecessor-version":[{"id":309,"href":"https:\/\/komoa.art\/index.php\/wp-json\/wp\/v2\/pages\/178\/revisions\/309"}],"wp:attachment":[{"href":"https:\/\/komoa.art\/index.php\/wp-json\/wp\/v2\/media?parent=178"}],"curies":[{"name":"wp","href":"https:\/\/api.w.org\/{rel}","templated":true}]}}