{"id":303,"date":"2024-11-17T12:33:32","date_gmt":"2024-11-17T11:33:32","guid":{"rendered":"https:\/\/komoaah.cluster027.hosting.ovh.net\/?post_type=product&#038;p=303"},"modified":"2024-11-17T16:00:53","modified_gmt":"2024-11-17T15:00:53","slug":"corde-de-coco-diametre-5-mm-longueur-8-metres","status":"publish","type":"product","link":"https:\/\/komoa.art\/index.php\/produit\/corde-de-coco-diametre-5-mm-longueur-8-metres\/","title":{"rendered":"Corde de coco, diam\u00e8tre 6 mm, longueur 6 m\u00e8tres"},"content":{"rendered":"<p>La corde de coco est une corde rugueuse et piquante. Elle offre des sensations diff\u00e9rente de la texture des cordes de jute ou de chanvre, contrastant de mani\u00e8re forte avec la douceur de ces deux derni\u00e8res. Elle est id\u00e9ale pour r\u00e9aliser des explorations sensorielles ou r\u00e9aliser une forme de torture mentale.<\/p>\n<p>Ce type de corde est tr\u00e8s fragile et ne doit pas \u00eatre utilis\u00e9e en suspension totale, ni m\u00eame dans le cadre de semi suspension.<\/p>\n<p>Il est d\u00e9conseill\u00e9 de l&rsquo;utiliser dans la bouche ou sur le vagin pour des raisons d&rsquo;hygi\u00e8ne.<\/p>\n","protected":false},"excerpt":{"rendered":"<p>La corde de coco est une corde rugueuse et piquante. Elle offre des sensations diff\u00e9rente de la texture des cordes de jute ou de chanvre, contrastant de mani\u00e8re forte avec la douceur de ces deux derni\u00e8res. Elle est id\u00e9ale pour r\u00e9aliser des explorations sensorielles ou r\u00e9aliser une forme de torture [&hellip;]<\/p>\n","protected":false},"featured_media":305,"comment_status":"open","ping_status":"closed","template":"","meta":{"_crdt_document":""},"product_brand":[],"product_cat":[31,34],"product_tag":[46,43,45],"class_list":{"0":"post-303","1":"product","2":"type-product","3":"status-publish","4":"has-post-thumbnail","6":"product_cat-non-classe","7":"product_cat-cordes-de-coco","8":"product_tag-kinbaku","9":"product_tag-semenawa","10":"product_tag-shibari","12":"first","13":"outofstock","14":"shipping-taxable","15":"product-type-simple"},"_links":{"self":[{"href":"https:\/\/komoa.art\/index.php\/wp-json\/wp\/v2\/product\/303","targetHints":{"allow":["GET"]}}],"collection":[{"href":"https:\/\/komoa.art\/index.php\/wp-json\/wp\/v2\/product"}],"about":[{"href":"https:\/\/komoa.art\/index.php\/wp-json\/wp\/v2\/types\/product"}],"replies":[{"embeddable":true,"href":"https:\/\/komoa.art\/index.php\/wp-json\/wp\/v2\/comments?post=303"}],"wp:featuredmedia":[{"embeddable":true,"href":"https:\/\/komoa.art\/index.php\/wp-json\/wp\/v2\/media\/305"}],"wp:attachment":[{"href":"https:\/\/komoa.art\/index.php\/wp-json\/wp\/v2\/media?parent=303"}],"wp:term":[{"taxonomy":"product_brand","embeddable":true,"href":"https:\/\/komoa.art\/index.php\/wp-json\/wp\/v2\/product_brand?post=303"},{"taxonomy":"product_cat","embeddable":true,"href":"https:\/\/komoa.art\/index.php\/wp-json\/wp\/v2\/product_cat?post=303"},{"taxonomy":"product_tag","embeddable":true,"href":"https:\/\/komoa.art\/index.php\/wp-json\/wp\/v2\/product_tag?post=303"}],"curies":[{"name":"wp","href":"https:\/\/api.w.org\/{rel}","templated":true}]}}